Give x(t).
-6
Let c(y) = y**3 - 4*y**2 - 3*y + 4. Let m(r) = -2*r**3 + 4*r**2 + 3*r - 5. Let n(u) = -3*c(u) - 2*m(u). What is n(-3)?
-2
Let u(o) = -7*o**3 + 2*o**2 + 5. Suppose -17 = -3*t + h, -2*t + 22 = t - 2*h. Let g(d) = -3*d**3 + d**2 + 3. Let a(n) = t*u(n) - 7*g(n). What is a(1)?
-7
Let c(z) be the second derivative of -z**7/840 + z**6/72 + z**5/120 - z**4/12 - z**3 + 5*z. Let s(g) be the second derivative of c(g). Give s(5).
3
Let z = -6 - -4. Let k be 1/(z/(-14)) + 1. Suppose -2*g + k = 2*g. Let n(j) = -j**3 + j**2 + 1. Determine n(g).
-3
Let t(h) = -h**3 - 29*h**2 + 2*h + 51. Let q be t(-29). Let w(l) be the first derivative of l**4/4 + 2*l**3 - 4*l**2 - 9*l - 2. Determine w(q).
-2
Let m(l) = l**3 + 6*l**2 - 5*l - 9. Let z(t) = -3*t**3 - 18*t**2 + 16*t + 27. Let a(p) = 8*m(p) + 3*z(p). Calculate a(-7).
2
Let k(t) = 13*t**2 + 32*t - 4. Let p(y) = -3*y**2 - 8*y + 1. Let c(v) = -2*k(v) - 9*p(v). Give c(-5).
-16
Let o(c) = 1. Let z(m) = -4*m. Let s(x) = 3*o(x) + z(x). Calculate s(2).
-5
Let f be (-12)/((-16)/(-4)) - -5. Let a(v) = 3*v + 14 + 0*v - f*v - 2*v. Give a(6).
8
Let g(r) = -21*r**3 - 4*r - 5. Let c(y) = 5*y**3 + y + 1. Let n(m) = 9*c(m) + 2*g(m). Let i(x) = 1 - 2 + 2*x - 2. Let f be i(2). What is n(f)?
3
Suppose -74*x + 76*x = 20. Let z(q) = -q + 14. What is z(x)?
4
Let v(d) = 11*d**3 + 11*d**2 + 15*d. Let f(l) = 5*l**3 + 5*l**2 + 7*l. Let w(a) = 13*f(a) - 6*v(a). Calculate w(2).
-10
Suppose -2*d + 5*j = -d - 16, 3*j = -2*d + 6. Let x(t) = t**3 - 9*t**2 + 0*t**2 - 4*t**2 + 7*t**2 - 3. Give x(d).
-3
Let j be (-1 - 0)/(4/8). Let m(l) = l**2 + 6*l - 4. Let n be m(-7). Let q(u) = -1 - 4 + 5*u**2 + n + u - 2*u**2. Determine q(j).
8
Suppose 20*d + 8 = 24*d. Let i(h) = 4 - h**3 - 3 + h**2 + 3*h**2. Determine i(d).
9
Let g(l) = -l**3 + 3*l**2 + 2*l + 4. Let u be g(4). Let n(m) be the second derivative of -m**5/20 - m**4/3 - m**3/6 + 32*m. Give n(u).
4
Let u = 14 + -9. Let z(n) = n**3 - 4*n**2 - n - 6. Give z(u).
14
Let l(x) = 2*x - 3. Let r = 24 - 20. Determine l(r).
5
Let c(a) = a**3 - 5*a**2 - 4*a - 4. Let h(v) = -v**3 + 10*v**2 + 13. Let g be h(10). Suppose 0 = 2*y + 1 - g. What is c(y)?
8
Let y = -2 + 2. Suppose y = -3*u - u. Let h(q) be the second derivative of -q**5/20 + q**4/12 - q**3/6 + q**2 + 5*q. Give h(u).
2
Suppose -10 = -d + 2*b, -3 = 4*d + b + 2. Let j(t) = 2*t + d*t - 5*t**2 + 4*t**2 - t. Give j(0).
0
Let k(w) = -w**3 + 5*w**2 + 4*w + 2. Let v = -12 - -18. Determine k(v).
-10
Let y(u) = -2*u - 2. Let s(d) = d**3 - 5 - d**2 - 5*d - 3*d**2 + 3. Let n be s(5). Determine y(n).
2
Suppose -4*q - 2*x = -22, 1 - 13 = -4*x. Suppose 4*a = 5*a + q. Let n be ((-2)/(-4))/(a/24). Let p(u) = -u. Determine p(n).
3
Suppose -4*r = r + 30. Let q(p) = p + 3. Calculate q(r).
-3
Let d = 8 - 8. Let c(v) = v**2 - 8. Calculate c(d).
-8
Suppose 3*x + 4*r + 30 = 0, x - 2*x - 3 = -r. Let g(f) = f - 1. Let j(y) = -4*y + 3. Let l(t) = -3*g(t) - j(t). Calculate l(x).
-6
Suppose 10*s = 7*s - 3. Let i(a) = -4*a**2 + a. Calculate i(s).
-5
Let q(y) = 4*y**2 + 54*y**3 - 4*y**2 - 56*y**3. Let r be q(-1). Let a(c) = 2*c**3 - c**2 - 3*c + 2. Calculate a(r).
8
Let n(t) = 3 - t**2 + 2 - 4. Calculate n(4).
-15
Let j(p) = -p**2 + 6*p + 7. Let m be (3/9)/((-1)/(-21)). Give j(m).
0
Let f(s) = 0*s**2 - 2 + 0*s**2 - 3*s**2 - 4*s. Calculate f(-2).
-6
Let p(u) = -u**3 + 4*u**2 - 5*u + 2. Let y(i) = -i**3 - 3*i**2 + 3. Suppose 2*g = 4*g - 10. Let a = g + -8. Let n be y(a). What is p(n)?
-4
Let i(f) = -f**2 - 4*f - 2. Let a be -1*((-2)/(-1) - 5). Suppose 5*s - 4*s + a = 0. Determine i(s).
1
Let v = -10 - -19. Let w(d) = d**2 - 9*d + 4. Let l be w(v). Let n(z) = -z**3 + 5*z**2 - 4*z - 1. Determine n(l).
-1
Suppose 2*z = -5*g + 3*z + 16, -2*g + 9 = -3*z. Suppose 0 = y - 3*u - 7, -5*y + 5*u = g*u - 9. Let d(f) = -16*f - 1. Calculate d(y).
-17
Let b(g) = 7*g + 12. Let h(i) = 2*i + 1. Let r(m) = -b(m) + 4*h(m). Give r(6).
-2
Let p(y) = -y**2 - 8*y - 4 + 4 + 7*y. Let x be p(-2). Let s(i) = -2*i**2. Give s(x).
-8
Let s(x) = x**2 + 9*x - 14. Let o be s(-10). Let i be o/(-12) + 5/3. Let v(b) be the first derivative of -b**2/2 + 3*b + 1. What is v(i)?
1
Suppose x - 3*v = 7, v + 19 = -5*x - 2*v. Let q(a) = 0*a**2 + a + 4*a**2 - 3*a**2 + a**3. Calculate q(x).
-6
Let y = 13 - 9. Let a = 15 - 15. Let f(p) = p - 25 + 27 + a*p. Give f(y).
6
Let k(w) = 1. Let y(z) = z - 3. Let p(n) = 6*k(n) + 2*y(n). Suppose 20 = 5*l + 3*b, -5*l + l - 6 = -2*b. Give p(l).
2
Suppose 1 = -3*l + 4. Suppose -4*t + 3*t - l = -n, 19 = 4*n - t. Let d(s) = s - 3. What is d(n)?
3
Let m be 88/12*(-3)/(-2). Let l = 11 - m. Let f(u) = -4*u - 16 + 6 + 3*u. Calculate f(l).
-10
Let d(r) be the first derivative of r**3/3 - 2*r**2 - 2*r + 1. Suppose -7*f + b = -2*f - 23, 29 = 5*f - 3*b. Let o be 14/4 - f/8. Give d(o).
-5
Let y(b) = b + 6. Let d(t) = -5. Let m(u) = -3*d(u) - 4*y(u). Give m(-6).
15
Suppose -3*o + 7*o = 3*d + 99, -3*d - o - 99 = 0. Let y be (-4)/(-22) + (-60)/d. Let r(h) = 3*h. Determine r(y).
6
Suppose 0*d = 4*d - 4. Let m(f) = f**3 - 3*f**2 + f - 2. Let q(y) = -3*y**3 + 8*y**2 - 2*y + 5. Let l(t) = -8*m(t) - 3*q(t). Give l(d).
0
Let d = -24 - -18. Let o(r) = r**2 + 3*r - 7. Determine o(d).
11
Let c(x) = -x**3 - 7*x**2 - 7*x + 8. Let v = 61 + -67. Calculate c(v).
14
Let h(i) = -i**3 + i + 5. Suppose -4*q = -j + 4 - 2, 4*j + 3*q = -11. Let n be j/((-2)/5) - 3. Suppose 3*y - 6 = n*o, y - 4 = -5*o - 2. Determine h(o).
5
Let s(m) = 4 - 6 - 5 + m**2 + 5*m + 1. Determine s(-6).
0
Let k(x) = -x**2 + 12*x + 7. Let o(m) = -2*m**2 + 25*m + 15. Let y(v) = 13*k(v) - 6*o(v). Let t be -2*(3 - (-22)/(-4)). Determine y(t).
6
Let k be (-3)/(-2 - 1) - 3. Let i(j) be the second derivative of -j**3/6 + j**2/2 - 2*j. Calculate i(k).
3
Let n(t) = -2*t**3 + 9 - 3*t - 3*t**3 + 6*t**3 - 6*t**2. Suppose 0 = 2*f - 19 + 7. Give n(f).
-9
Let i(g) = g**3 - 2*g**2 - 8*g - 3. Let u(l) = -l**2 + l + 1. Let k be -1*2*(0 + 1). Let o(v) = k*u(v) - i(v). Suppose 6*z + 6 - 36 = 0. Calculate o(z).
6
Let i(v) be the second derivative of -3/2*v**2 + v**3 - 5*v + 0 - 1/12*v**4. Calculate i(5).
2
Let t be -1 + (1 + 1)*-1. Suppose -2*h = -3*m - h, 3*h - 4 = 5*m. Let k(w) = m + 2*w - 3 + 6. Give k(t).
-2
Let r(q) be the first derivative of 3*q**2 - 5*q - 3. Let l(i) = 7*i - 6. Let w(m) = 5*l(m) - 6*r(m). Determine w(6).
-6
Let p(c) be the third derivative of 11*c**5/120 - c**4/24 - 2*c**3/3 - 3*c**2. Let l(s) be the first derivative of p(s). Give l(1).
10
Let w(p) = 3*p + 6. Suppose 3*o = -4*q - 31, 2*o + 14 = -0*q - q. Let m(j) = 3*j + 7. Let g(s) = o*m(s) + 6*w(s). Determine g(-2).
-5
Let m(j) = -3*j + 4. Suppose -9 = 4*l - 29. Suppose 4*a + 17 = 4*b - l*b, 0 = -3*b - a + 4. Give m(b).
-5
Let r(g) = g**3 - g**2 - 5*g - 3. Let i(y) = 3*y**3 - y**2 - 10*y - 6. Let k(h) = -2*i(h) + 5*r(h). What is k(-3)?
12
Let q(f) be the third derivative of f**4/8 + 4*f**2. Determine q(3).
9
Let o(c) = 7*c**2 - 1. Suppose 4*x - 3*h - 2 = 3, -x + 2*h = 0. Suppose 3*l + s = 4*s, -x*l + s = 0. Suppose 5 = -l*u + 5*u. Calculate o(u).
6
Let r(s) be the second derivative of -s**5/4 - s**4/12 + s**2/2 + 12*s. Calculate r(1).
-5
Suppose 7*p = p + 30. Suppose -d + 5 = 2. Suppose d*o - p = -2*o. Let y(r) = -8*r**3 - 1. What is y(o)?
-9
Let v(m) be the first derivative of m**3 - m**2/2 - 2*m + 6. Calculate v(-2).
12
Suppose -3*b - m + 98 = 0, 5*b - 69 = 5*m + 81. Let g(u) = 32 - u - b. Suppose 0 = -4*x + 5*x - 3. Calculate g(x).
-3
Let c be (-1)/(2 - 7/3). Let v(g) = -g**2 + 4*g + 5. Let r be v(5). Let m = r - c. Let t(f) = f**2 + 3*f + 3. What is t(m)?
3
Let a(u) = -4*u - 5. Let m(i) = -i. Let v(g) = g + 4. Let q be v(-3). Let c(s) = q*a(s) - m(s). Determine c(-4).
7
Let n(f) = 5*f**3 + 11*f**2 - 2*f + 3. Let b(l) = 6*l**3 + 12*l**2 - 2*l + 4. Let d(x) = 6*b(x) - 7*n(x). What is d(4)?
-5
Let q(a) = 4*a**2 - 4*a - 4. Let c(z) = z**2 - z - 1. Let w(i) = -5*c(i) + q(i). Let g be -1*(-2 + (-1 - -4)). Give w(g).
-1
Let o(v) = -4*v + 6*v - 3*v - 15*v**2 + 5*v**2. Give o(-1).
-9
Suppose 3*q = 2*q + 2. Let b(s) = -4*s**q + 4*s**2 + 1 + 2*s**2. Determine b(1).
3
Let h(l) = 273*l**2 - 275*l**2 - 2 + 4. Let t(y) = -y - 6. Let o be t(-6). Let f be 1*-1*o + 2. Calculate h(f).
-6
Let i(j) = j**2 - 2*j**3 + 2*j**3 + j**3 - 2*j. Let p = -55 + 53. What is i(p)?
0
Let k(t) = 27 - 5*t - 47 